{"id":19,"date":"2023-10-24T17:35:59","date_gmt":"2023-10-24T17:35:59","guid":{"rendered":"https:\/\/plateformesetusages.labocinemedias.ca\/?page_id=19"},"modified":"2023-11-18T16:29:16","modified_gmt":"2023-11-18T16:29:16","slug":"le-programme-radio","status":"publish","type":"page","link":"https:\/\/plateformesetusages.labocinemedias.ca\/?page_id=19&lang=fr","title":{"rendered":"Le programme radio"},"content":{"rendered":"\t\t<div data-elementor-type=\"wp-page\" data-elementor-id=\"19\" class=\"elementor elementor-19\">\n\t\t\t\t\t\t\t<div class=\"elementor-element elementor-element-124b63b e-flex e-con-boxed e-con e-parent\" data-id=\"124b63b\" data-element_type=\"container\" data-settings=\"{&quot;content_width&quot;:&quot;boxed&quot;}\" data-core-v316-plus=\"true\">\n\t\t\t\t\t<div class=\"e-con-inner\">\n\t\t\t\t<div class=\"elementor-element elementor-element-ceb7c65 elementor-widget elementor-widget-heading\" data-id=\"ceb7c65\" data-element_type=\"widget\" data-widget_type=\"heading.default\">\n\t\t\t\t<div class=\"elementor-widget-container\">\n\t\t\t<style>\/*! elementor - v3.17.0 - 08-11-2023 *\/\n.elementor-heading-title{padding:0;margin:0;line-height:1}.elementor-widget-heading .elementor-heading-title[class*=elementor-size-]>a{color:inherit;font-size:inherit;line-height:inherit}.elementor-widget-heading .elementor-heading-title.elementor-size-small{font-size:15px}.elementor-widget-heading .elementor-heading-title.elementor-size-medium{font-size:19px}.elementor-widget-heading .elementor-heading-title.elementor-size-large{font-size:29px}.elementor-widget-heading .elementor-heading-title.elementor-size-xl{font-size:39px}.elementor-widget-heading .elementor-heading-title.elementor-size-xxl{font-size:59px}<\/style><h1 class=\"elementor-heading-title elementor-size-xl\">L'\u00e9mission radio<\/h1>\t\t<\/div>\n\t\t\t\t<\/div>\n\t\t\t\t\t<\/div>\n\t\t\t\t<\/div>\n\t\t<div class=\"elementor-element elementor-element-ce17710 e-flex e-con-boxed e-con e-parent\" data-id=\"ce17710\" data-element_type=\"container\" data-settings=\"{&quot;content_width&quot;:&quot;boxed&quot;}\" data-core-v316-plus=\"true\">\n\t\t\t\t\t<div class=\"e-con-inner\">\n\t\t\t\t<div class=\"elementor-element elementor-element-d471733 elementor-widget elementor-widget-text-editor\" data-id=\"d471733\" data-element_type=\"widget\" data-widget_type=\"text-editor.default\">\n\t\t\t\t<div class=\"elementor-widget-container\">\n\t\t\t<style>\/*! elementor - v3.17.0 - 08-11-2023 *\/\n.elementor-widget-text-editor.elementor-drop-cap-view-stacked .elementor-drop-cap{background-color:#69727d;color:#fff}.elementor-widget-text-editor.elementor-drop-cap-view-framed .elementor-drop-cap{color:#69727d;border:3px solid;background-color:transparent}.elementor-widget-text-editor:not(.elementor-drop-cap-view-default) .elementor-drop-cap{margin-top:8px}.elementor-widget-text-editor:not(.elementor-drop-cap-view-default) .elementor-drop-cap-letter{width:1em;height:1em}.elementor-widget-text-editor .elementor-drop-cap{float:left;text-align:center;line-height:1;font-size:50px}.elementor-widget-text-editor .elementor-drop-cap-letter{display:inline-block}<\/style>\t\t\t\t<p>\u00c0 partir du 14\u00a0septembre 2023, chaque semaine, vous pouvez \u00e9couter en direct \u00ab\u2009Tout est dans le cloud\u2009\u00bb, une \u00e9mission de radio diffus\u00e9e sur CISM. Pendant 16\u00a0semaines, Robin Cauche dialoguera avec des universitaires sur les d\u00e9fis contemporains de la recherche \u00e0 l\u2019\u00e8re des r\u00e9seaux et plateformes num\u00e9riques. L\u2019\u00e9mission est diffus\u00e9e chaque jeudi de midi \u00e0 13\u00a0h heure locale (18\u00a0h heure fran\u00e7aise) sur la fr\u00e9quence\u00a089.3 FM.<\/p><p>La s\u00e9rie explore les recherches actuelles en sciences humaines concernant les plateformes num\u00e9riques et leurs usages vari\u00e9s. Chaque \u00e9pisode comprend un entretien et une chronique qui offrent des perspectives pour comprendre nos pratiques en ligne, r\u00e9sister \u00e0 l\u2019h\u00e9g\u00e9monie des grandes plateformes et d\u00e9couvrir des projets, des \u0153uvres, voire des plateformes m\u00e9connues.<\/p><p>Apr\u00e8s une premi\u00e8re \u00e9mission introductive sur le projet \u00ab\u2009Plateformes et usages\u2009\u00bb, l\u2019\u00e9mission a couvert divers sujets tels que les s\u00e9ries t\u00e9l\u00e9vis\u00e9es, l\u2019animation en lien avec les plateformes pornographiques, et les jeux de r\u00f4le. Les invit\u00e9\u00b7e\u00b7s sont des personnes pleinement impliqu\u00e9\u00b7es dans le projet \u00ab\u2009Plateformes et usages\u2009\u00bb.<\/p><p>\u00c0 la fin de chaque \u00e9mission, un chercheur ou une chercheuse du projet propose une courte chronique, pr\u00e9sentant un exemple pr\u00e9cis et souvent surprenant issu de leurs recherches en cours. Gr\u00e2ce \u00e0 ce format oral, l\u2019\u00e9mission adopte un ton plus informel que les publications universitaires classiques, rendant ainsi le contenu accessible \u00e0 tout le monde\u2009!<\/p><p>Si vous ne pouvez pas \u00e9couter en direct, pas de souci. Les archives du site web de la radio permettent d\u2019acc\u00e9der aux \u00e9pisodes enregistr\u00e9s : vous pouvez ainsi \u00e9couter o\u00f9 et quand vous le souhaitez. Pour la r\u00e9\u00e9coute, visitez le site web de CISM.<\/p>\t\t\t\t\t\t<\/div>\n\t\t\t\t<\/div>\n\t\t\t\t\t<\/div>\n\t\t\t\t<\/div>\n\t\t<div class=\"elementor-element elementor-element-b0b4ab1 e-flex e-con-boxed e-con e-parent\" data-id=\"b0b4ab1\" data-element_type=\"container\" data-settings=\"{&quot;content_width&quot;:&quot;boxed&quot;}\" data-core-v316-plus=\"true\">\n\t\t\t\t\t<div class=\"e-con-inner\">\n\t\t<div class=\"elementor-element elementor-element-378448d e-con-full e-flex e-con e-child\" data-id=\"378448d\" data-element_type=\"container\" data-settings=\"{&quot;content_width&quot;:&quot;full&quot;}\">\n\t\t\t\t<div class=\"elementor-element elementor-element-2ef4dba elementor-align-center elementor-widget elementor-widget-button\" data-id=\"2ef4dba\" data-element_type=\"widget\" data-widget_type=\"button.default\">\n\t\t\t\t<div class=\"elementor-widget-container\">\n\t\t\t\t\t<div class=\"elementor-button-wrapper\">\n\t\t\t<a class=\"elementor-button elementor-button-link elementor-size-xl elementor-animation-grow\" href=\"https:\/\/cism893.ca\/\">\n\t\t\t\t\t\t<span class=\"elementor-button-content-wrapper\">\n\t\t\t\t\t\t<span class=\"elementor-button-text\">CISM<\/span>\n\t\t<\/span>\n\t\t\t\t\t<\/a>\n\t\t<\/div>\n\t\t\t\t<\/div>\n\t\t\t\t<\/div>\n\t\t\t\t<\/div>\n\t\t<div class=\"elementor-element elementor-element-47a9138 e-con-full e-flex e-con e-child\" data-id=\"47a9138\" data-element_type=\"container\" data-settings=\"{&quot;content_width&quot;:&quot;full&quot;}\">\n\t\t\t\t<div class=\"elementor-element elementor-element-2cc13ed elementor-align-center elementor-widget elementor-widget-button\" data-id=\"2cc13ed\" data-element_type=\"widget\" data-widget_type=\"button.default\">\n\t\t\t\t<div class=\"elementor-widget-container\">\n\t\t\t\t\t<div class=\"elementor-button-wrapper\">\n\t\t\t<a class=\"elementor-button elementor-button-link elementor-size-xl elementor-animation-grow\" href=\"https:\/\/cism893.ca\/emissions\/tout-est-dans-le-cloud\/\">\n\t\t\t\t\t\t<span class=\"elementor-button-content-wrapper\">\n\t\t\t\t\t\t<span class=\"elementor-button-text\">\u00c9mission<\/span>\n\t\t<\/span>\n\t\t\t\t\t<\/a>\n\t\t<\/div>\n\t\t\t\t<\/div>\n\t\t\t\t<\/div>\n\t\t\t\t<\/div>\n\t\t\t\t\t<\/div>\n\t\t\t\t<\/div>\n\t\t<div class=\"elementor-element elementor-element-ff3c09d e-flex e-con-boxed e-con e-parent\" data-id=\"ff3c09d\" data-element_type=\"container\" data-settings=\"{&quot;content_width&quot;:&quot;boxed&quot;}\" data-core-v316-plus=\"true\">\n\t\t\t\t\t<div class=\"e-con-inner\">\n\t\t\t\t<div class=\"elementor-element elementor-element-ed6fa06 elementor-widget elementor-widget-spacer\" data-id=\"ed6fa06\" data-element_type=\"widget\" data-widget_type=\"spacer.default\">\n\t\t\t\t<div class=\"elementor-widget-container\">\n\t\t\t<style>\/*! elementor - v3.17.0 - 08-11-2023 *\/\n.elementor-column .elementor-spacer-inner{height:var(--spacer-size)}.e-con{--container-widget-width:100%}.e-con-inner>.elementor-widget-spacer,.e-con>.elementor-widget-spacer{width:var(--container-widget-width,var(--spacer-size));--align-self:var(--container-widget-align-self,initial);--flex-shrink:0}.e-con-inner>.elementor-widget-spacer>.elementor-widget-container,.e-con>.elementor-widget-spacer>.elementor-widget-container{height:100%;width:100%}.e-con-inner>.elementor-widget-spacer>.elementor-widget-container>.elementor-spacer,.e-con>.elementor-widget-spacer>.elementor-widget-container>.elementor-spacer{height:100%}.e-con-inner>.elementor-widget-spacer>.elementor-widget-container>.elementor-spacer>.elementor-spacer-inner,.e-con>.elementor-widget-spacer>.elementor-widget-container>.elementor-spacer>.elementor-spacer-inner{height:var(--container-widget-height,var(--spacer-size))}.e-con-inner>.elementor-widget-spacer.elementor-widget-empty,.e-con>.elementor-widget-spacer.elementor-widget-empty{position:relative;min-height:22px;min-width:22px}.e-con-inner>.elementor-widget-spacer.elementor-widget-empty .elementor-widget-empty-icon,.e-con>.elementor-widget-spacer.elementor-widget-empty .elementor-widget-empty-icon{position:absolute;top:0;bottom:0;left:0;right:0;margin:auto;padding:0;width:22px;height:22px}<\/style>\t\t<div class=\"elementor-spacer\">\n\t\t\t<div class=\"elementor-spacer-inner\"><\/div>\n\t\t<\/div>\n\t\t\t\t<\/div>\n\t\t\t\t<\/div>\n\t\t\t\t\t<\/div>\n\t\t\t\t<\/div>\n\t\t<div class=\"elementor-element elementor-element-cd4dd4e e-flex e-con-boxed e-con e-parent\" data-id=\"cd4dd4e\" data-element_type=\"container\" data-settings=\"{&quot;content_width&quot;:&quot;boxed&quot;}\" data-core-v316-plus=\"true\">\n\t\t\t\t\t<div class=\"e-con-inner\">\n\t\t<div class=\"elementor-element elementor-element-8089011 e-con-full e-flex e-con e-child\" data-id=\"8089011\" data-element_type=\"container\" data-settings=\"{&quot;content_width&quot;:&quot;full&quot;}\">\n\t\t\t\t<div class=\"elementor-element elementor-element-3f1080c elementor-view-default elementor-widget elementor-widget-icon\" data-id=\"3f1080c\" data-element_type=\"widget\" data-widget_type=\"icon.default\">\n\t\t\t\t<div class=\"elementor-widget-container\">\n\t\t\t\t\t<div class=\"elementor-icon-wrapper\">\n\t\t\t<a class=\"elementor-icon\" href=\"https:\/\/www.facebook.com\/labotele\/\">\n\t\t\t<i aria-hidden=\"true\" class=\"fab fa-facebook\"><\/i>\t\t\t<\/a>\n\t\t<\/div>\n\t\t\t\t<\/div>\n\t\t\t\t<\/div>\n\t\t\t\t<\/div>\n\t\t<div class=\"elementor-element elementor-element-33beb81 e-con-full e-flex e-con e-child\" data-id=\"33beb81\" data-element_type=\"container\" data-settings=\"{&quot;content_width&quot;:&quot;full&quot;}\">\n\t\t\t\t<div class=\"elementor-element elementor-element-1865372 elementor-view-default elementor-widget elementor-widget-icon\" data-id=\"1865372\" data-element_type=\"widget\" data-widget_type=\"icon.default\">\n\t\t\t\t<div class=\"elementor-widget-container\">\n\t\t\t\t\t<div class=\"elementor-icon-wrapper\">\n\t\t\t<a class=\"elementor-icon\" href=\"https:\/\/www.instagram.com\/labotele_udem\/?hl=en\">\n\t\t\t<i aria-hidden=\"true\" class=\"fab fa-instagram\"><\/i>\t\t\t<\/a>\n\t\t<\/div>\n\t\t\t\t<\/div>\n\t\t\t\t<\/div>\n\t\t\t\t<\/div>\n\t\t\t\t\t<\/div>\n\t\t\t\t<\/div>\n\t\t\t\t\t\t\t<\/div>\n\t\t","protected":false},"excerpt":{"rendered":"<p>L&rsquo;\u00e9mission radio \u00c0 partir du 14\u00a0septembre 2023, chaque semaine, vous pouvez \u00e9couter en direct \u00ab\u2009Tout est dans le cloud\u2009\u00bb, une \u00e9mission de radio diffus\u00e9e sur CISM. Pendant 16\u00a0semaines, Robin Cauche dialoguera avec des universitaires sur les d\u00e9fis contemporains de la recherche \u00e0 l\u2019\u00e8re des r\u00e9seaux et plateformes num\u00e9riques. L\u2019\u00e9mission est diffus\u00e9e chaque jeudi de midi [&hellip;]<\/p>\n","protected":false},"author":1,"featured_media":0,"parent":0,"menu_order":0,"comment_status":"closed","ping_status":"closed","template":"","meta":{"footnotes":""},"class_list":["post-19","page","type-page","status-publish","hentry","entry"],"_links":{"self":[{"href":"https:\/\/plateformesetusages.labocinemedias.ca\/index.php?rest_route=\/wp\/v2\/pages\/19","targetHints":{"allow":["GET"]}}],"collection":[{"href":"https:\/\/plateformesetusages.labocinemedias.ca\/index.php?rest_route=\/wp\/v2\/pages"}],"about":[{"href":"https:\/\/plateformesetusages.labocinemedias.ca\/index.php?rest_route=\/wp\/v2\/types\/page"}],"author":[{"embeddable":true,"href":"https:\/\/plateformesetusages.labocinemedias.ca\/index.php?rest_route=\/wp\/v2\/users\/1"}],"replies":[{"embeddable":true,"href":"https:\/\/plateformesetusages.labocinemedias.ca\/index.php?rest_route=%2Fwp%2Fv2%2Fcomments&post=19"}],"version-history":[{"count":10,"href":"https:\/\/plateformesetusages.labocinemedias.ca\/index.php?rest_route=\/wp\/v2\/pages\/19\/revisions"}],"predecessor-version":[{"id":617,"href":"https:\/\/plateformesetusages.labocinemedias.ca\/index.php?rest_route=\/wp\/v2\/pages\/19\/revisions\/617"}],"wp:attachment":[{"href":"https:\/\/plateformesetusages.labocinemedias.ca\/index.php?rest_route=%2Fwp%2Fv2%2Fmedia&parent=19"}],"curies":[{"name":"wp","href":"https:\/\/api.w.org\/{rel}","templated":true}]}}